[INFO] cloning repository https://github.com/Jasper-Bekkers/test-website
[INFO] running `Command { std: "git" "-c" "credential.helper=" "-c" "credential.helper=/workspace/cargo-home/bin/git-credential-null" "clone" "--bare" "https://github.com/Jasper-Bekkers/test-website" "/workspace/cache/git-repos/https%3A%2F%2Fgithub.com%2FJasper-Bekkers%2Ftest-website", kill_on_drop: false }`
[INFO] [stderr] Cloning into bare repository '/workspace/cache/git-repos/https%3A%2F%2Fgithub.com%2FJasper-Bekkers%2Ftest-website'...
[INFO] running `Command { std: "git" "rev-parse" "HEAD", kill_on_drop: false }`
[INFO] [stdout] 86685a2720a8092a50b413a179aa3cb04a251bc5
[INFO] building Jasper-Bekkers/test-website against master#ff34b919075f35a1787659e9c448a34b06bab8de for issue-85264
[INFO] running `Command { std: "git" "clone" "/workspace/cache/git-repos/https%3A%2F%2Fgithub.com%2FJasper-Bekkers%2Ftest-website" "/workspace/builds/worker-1/source", kill_on_drop: false }`
[INFO] [stderr] Cloning into '/workspace/builds/worker-1/source'...
[INFO] [stderr] done.
[INFO] validating manifest of git repo https://github.com/Jasper-Bekkers/test-website on toolchain ff34b919075f35a1787659e9c448a34b06bab8de
[INFO] running `Command { std: "/workspace/cargo-home/bin/cargo" "+ff34b919075f35a1787659e9c448a34b06bab8de" "metadata" "--manifest-path" "Cargo.toml" "--no-deps", kill_on_drop: false }`
[INFO] started tweaking git repo https://github.com/Jasper-Bekkers/test-website
[INFO] finished tweaking git repo https://github.com/Jasper-Bekkers/test-website
[INFO] tweaked toml for git repo https://github.com/Jasper-Bekkers/test-website written to /workspace/builds/worker-1/source/Cargo.toml
[INFO] crate git repo https://github.com/Jasper-Bekkers/test-website already has a lockfile, it will not be regenerated
[INFO] running `Command { std: "/workspace/cargo-home/bin/cargo" "+ff34b919075f35a1787659e9c448a34b06bab8de" "fetch" "--manifest-path" "Cargo.toml", kill_on_drop: false }`
[INFO] [stderr]     Blocking waiting for file lock on package cache
[INFO] [stderr]     Blocking waiting for file lock on package cache
[INFO] running `Command { std: "docker" "create" "-v" "/var/lib/crater-agent-workspace/builds/worker-1/target:/opt/rustwide/target:rw,Z" "-v" "/var/lib/crater-agent-workspace/builds/worker-1/source:/opt/rustwide/workdir:ro,Z" "-v" "/var/lib/crater-agent-workspace/cargo-home:/opt/rustwide/cargo-home:ro,Z" "-v" "/var/lib/crater-agent-workspace/rustup-home:/opt/rustwide/rustup-home:ro,Z" "-e" "SOURCE_DIR=/opt/rustwide/workdir" "-e" "CARGO_TARGET_DIR=/opt/rustwide/target" "-e" "CARGO_HOME=/opt/rustwide/cargo-home" "-e" "RUSTUP_HOME=/opt/rustwide/rustup-home" "-w" "/opt/rustwide/workdir" "-m" "1610612736" "--user" "0:0" "--network" "none" "ghcr.io/rust-lang/crates-build-env/linux@sha256:20528e8c29e4536546f0102ce88568b16ea7538393a33fcca951030f7af10457" "/opt/rustwide/cargo-home/bin/cargo" "+ff34b919075f35a1787659e9c448a34b06bab8de" "metadata" "--no-deps" "--format-version=1", kill_on_drop: false }`
[INFO] [stdout] a94001df00d35aca63fa80f48d45096d9a0149bad11dfed32e3fe7101f2d2d47
[INFO] [stderr] WARNING: Your kernel does not support swap limit capabilities or the cgroup is not mounted. Memory limited without swap.
[INFO] running `Command { std: "docker" "start" "-a" "a94001df00d35aca63fa80f48d45096d9a0149bad11dfed32e3fe7101f2d2d47", kill_on_drop: false }`
[INFO] running `Command { std: "docker" "inspect" "a94001df00d35aca63fa80f48d45096d9a0149bad11dfed32e3fe7101f2d2d47", kill_on_drop: false }`
[INFO] running `Command { std: "docker" "rm" "-f" "a94001df00d35aca63fa80f48d45096d9a0149bad11dfed32e3fe7101f2d2d47", kill_on_drop: false }`
[INFO] [stdout] a94001df00d35aca63fa80f48d45096d9a0149bad11dfed32e3fe7101f2d2d47
[INFO] running `Command { std: "docker" "create" "-v" "/var/lib/crater-agent-workspace/builds/worker-1/target:/opt/rustwide/target:rw,Z" "-v" "/var/lib/crater-agent-workspace/builds/worker-1/source:/opt/rustwide/workdir:ro,Z" "-v" "/var/lib/crater-agent-workspace/cargo-home:/opt/rustwide/cargo-home:ro,Z" "-v" "/var/lib/crater-agent-workspace/rustup-home:/opt/rustwide/rustup-home:ro,Z" "-e" "SOURCE_DIR=/opt/rustwide/workdir" "-e" "CARGO_TARGET_DIR=/opt/rustwide/target" "-e" "CARGO_INCREMENTAL=0" "-e" "RUST_BACKTRACE=full" "-e" "RUSTFLAGS=--cap-lints=forbid" "-e" "CARGO_HOME=/opt/rustwide/cargo-home" "-e" "RUSTUP_HOME=/opt/rustwide/rustup-home" "-w" "/opt/rustwide/workdir" "-m" "1610612736" "--user" "0:0" "--network" "none" "ghcr.io/rust-lang/crates-build-env/linux@sha256:20528e8c29e4536546f0102ce88568b16ea7538393a33fcca951030f7af10457" "/opt/rustwide/cargo-home/bin/cargo" "+ff34b919075f35a1787659e9c448a34b06bab8de" "build" "--frozen" "--message-format=json", kill_on_drop: false }`
[INFO] [stdout] af080d1ca9ffe1ba126345edd0c6e4e88d7e53b6f9508440eab5943c2986db10
[INFO] [stderr] WARNING: Your kernel does not support swap limit capabilities or the cgroup is not mounted. Memory limited without swap.
[INFO] running `Command { std: "docker" "start" "-a" "af080d1ca9ffe1ba126345edd0c6e4e88d7e53b6f9508440eab5943c2986db10", kill_on_drop: false }`
[INFO] [stderr]     Blocking waiting for file lock on package cache
[INFO] [stderr]     Blocking waiting for file lock on package cache
[INFO] [stderr]    Compiling cfg-if v0.1.2
[INFO] [stderr]    Compiling libc v0.2.40
[INFO] [stderr]    Compiling lazy_static v1.0.0
[INFO] [stderr]    Compiling byteorder v1.2.2
[INFO] [stderr]    Compiling lazy_static v0.2.11
[INFO] [stderr]    Compiling serde v1.0.43
[INFO] [stderr]    Compiling pear v0.0.16
[INFO] [stderr]    Compiling arrayvec v0.4.7
[INFO] [stderr]    Compiling pear_codegen v0.0.16
[INFO] [stderr]    Compiling rocket v0.3.9
[INFO] [stderr]    Compiling rocket_codegen v0.3.9
[INFO] [stderr]    Compiling url v1.7.0
[INFO] [stderr]    Compiling crossbeam-utils v0.2.2
[INFO] [stderr]    Compiling log v0.4.1
[INFO] [stderr]    Compiling log v0.3.9
[INFO] [stderr]    Compiling base64 v0.6.0
[INFO] [stderr]    Compiling crossbeam-epoch v0.3.1
[INFO] [stderr]    Compiling num_cpus v1.8.0
[INFO] [stderr]    Compiling rand v0.4.2
[INFO] [stderr]    Compiling time v0.1.39
[INFO] [stderr]    Compiling isatty v0.1.7
[INFO] [stderr]    Compiling memchr v1.0.2
[INFO] [stdout] error[E0557]: feature has been removed
[INFO] [stdout]  --> /opt/rustwide/cargo-home/registry/src/github.com-1ecc6299db9ec823/pear_codegen-0.0.16/src/lib.rs:1:45
[INFO] [stdout]   |
[INFO] [stdout] 1 | #![feature(plugin_registrar, rustc_private, quote)]
[INFO] [stdout]   |                                             ^^^^^ feature has been removed
[INFO] [stdout] 
[INFO] [stdout] 
[INFO] [stdout] error[E0713]: borrow may still be in use when destructor runs
[INFO] [stdout]    --> /opt/rustwide/cargo-home/registry/src/github.com-1ecc6299db9ec823/url-1.7.0/src/form_urlencoded.rs:261:40
[INFO] [stdout]     |
[INFO] [stdout] 259 | impl<'a> Target for ::UrlQuery<'a> {
[INFO] [stdout]     |      -- lifetime `'a` defined here
[INFO] [stdout] 260 |     fn as_mut_string(&mut self) -> &mut String { &mut self.url.serialization }
[INFO] [stdout] 261 |     fn finish(self) -> &'a mut ::Url { self.url }
[INFO] [stdout]     |                                        ^^^^^^^^ - here, drop of `self` needs exclusive access to `*self.url`, because the type `UrlQuery<'_>` implements the `Drop` trait
[INFO] [stdout]     |                                        |
[INFO] [stdout]     |                                        returning this value requires that `*self.url` is borrowed for `'a`
[INFO] [stdout] 
[INFO] [stdout] 
[INFO] [stdout] error: aborting due to previous error
[INFO] [stdout] 
[INFO] [stdout] 
[INFO] [stdout] For more information about this error, try `rustc --explain E0713`.
[INFO] [stdout] 
[INFO] [stdout] error[E0462]: found staticlib `rustc` instead of rlib or dylib
[INFO] [stdout]  --> /opt/rustwide/cargo-home/registry/src/github.com-1ecc6299db9ec823/pear_codegen-0.0.16/src/lib.rs:3:1
[INFO] [stdout]   |
[INFO] [stdout] 3 | extern crate rustc;
[INFO] [stdout]   | ^^^^^^^^^^^^^^^^^^^
[INFO] [stdout]   |
[INFO] [stdout]   = help: please recompile that crate using --crate-type lib
[INFO] [stdout]   = note: the following crate versions were found:
[INFO] [stdout]           crate `rustc`: /opt/rustwide/rustup-home/toolchains/ff34b919075f35a1787659e9c448a34b06bab8de/lib/rustlib/x86_64-unknown-linux-gnu/lib/librustc-nightly_rt.lsan.a
[INFO] [stdout]           crate `rustc`: /opt/rustwide/rustup-home/toolchains/ff34b919075f35a1787659e9c448a34b06bab8de/lib/rustlib/x86_64-unknown-linux-gnu/lib/librustc-nightly_rt.msan.a
[INFO] [stdout]           crate `rustc`: /opt/rustwide/rustup-home/toolchains/ff34b919075f35a1787659e9c448a34b06bab8de/lib/rustlib/x86_64-unknown-linux-gnu/lib/librustc-nightly_rt.tsan.a
[INFO] [stdout]           crate `rustc`: /opt/rustwide/rustup-home/toolchains/ff34b919075f35a1787659e9c448a34b06bab8de/lib/rustlib/x86_64-unknown-linux-gnu/lib/librustc-nightly_rt.asan.a
[INFO] [stdout] 
[INFO] [stdout] 
[INFO] [stdout] error: aborting due to 2 previous errors
[INFO] [stdout] 
[INFO] [stdout] 
[INFO] [stdout] For more information about this error, try `rustc --explain E0557`.
[INFO] [stdout] 
[INFO] [stderr] error: could not compile `url`
[INFO] [stderr] 
[INFO] [stderr] To learn more, run the command again with --verbose.
[INFO] [stderr] warning: build failed, waiting for other jobs to finish...
[INFO] [stderr] error: build failed
[INFO] running `Command { std: "docker" "inspect" "af080d1ca9ffe1ba126345edd0c6e4e88d7e53b6f9508440eab5943c2986db10", kill_on_drop: false }`
[INFO] running `Command { std: "docker" "rm" "-f" "af080d1ca9ffe1ba126345edd0c6e4e88d7e53b6f9508440eab5943c2986db10", kill_on_drop: false }`
[INFO] [stdout] af080d1ca9ffe1ba126345edd0c6e4e88d7e53b6f9508440eab5943c2986db10
